{"id":3778,"date":"2023-12-01T16:31:39","date_gmt":"2023-12-01T15:31:39","guid":{"rendered":"https:\/\/siag.ci\/?page_id=3778"},"modified":"2023-12-01T16:53:54","modified_gmt":"2023-12-01T15:53:54","slug":"politique-de-confidentialite-2","status":"publish","type":"page","link":"https:\/\/siag.ci\/?page_id=3778","title":{"rendered":"Politique de confidentialit\u00e9"},"content":{"rendered":"\t\t<div data-elementor-type=\"wp-page\" data-elementor-id=\"3778\" class=\"elementor elementor-3778\">\n\t\t\t\t<div class=\"elementor-element elementor-element-1cd9999 e-con-full e-flex sc_inner_width_none sc_layouts_column_icons_position_left e-con e-parent\" data-id=\"1cd9999\" data-element_type=\"container\" data-e-type=\"container\">\n\t\t\t\t<div class=\"elementor-element elementor-element-79975c6 sc_fly_static elementor-widget elementor-widget-text-editor\" data-id=\"79975c6\" data-element_type=\"widget\" data-e-type=\"widget\" data-widget_type=\"text-editor.default\">\n\t\t\t\t<div class=\"elementor-widget-container\">\n\t\t\t\t\t\t\t\t\t<p>Merci de visiter le site Internet de <strong>SIAG<\/strong> et de prendre connaissance de sa politique de confidentialit\u00e9 (ci-apr\u00e8s la Politique).<\/p><p>En naviguant sur notre site Internet ou en utilisant nos syst\u00e8mes ou nos services, vous reconnaissez avoir lu et compris la pr\u00e9sente politique et consentez \u00e0 ce que vos donn\u00e9es et renseignements personnels soient trait\u00e9s en conformit\u00e9 avec cette derni\u00e8re, le cas \u00e9ch\u00e9ant.<\/p><ul><li>La pr\u00e9sente politique de confidentialit\u00e9 est compos\u00e9e des \u00e9l\u00e9ments suivants :<\/li><li>Objectifs de la politique de confidentialit\u00e9,<\/li><li>Modalit\u00e9s de recueil du consentement,<\/li><li>Objectifs de la collecte de donn\u00e9es,<\/li><li>Renseignements personnels collect\u00e9s,<\/li><li>T\u00e9moins et technologies similaires<\/li><li>Conservation des renseignements personnels.<\/li><\/ul>\t\t\t\t\t\t\t\t<\/div>\n\t\t\t\t<\/div>\n\t\t\t\t<\/div>\n\t\t<div class=\"elementor-element elementor-element-0cf727c e-con-full e-flex sc_inner_width_none sc_layouts_column_icons_position_left e-con e-parent\" data-id=\"0cf727c\" data-element_type=\"container\" data-e-type=\"container\">\n\t\t\t\t<div class=\"elementor-element elementor-element-37e942d sc_fly_static elementor-widget elementor-widget-heading\" data-id=\"37e942d\" data-element_type=\"widget\" data-e-type=\"widget\" data-widget_type=\"heading.default\">\n\t\t\t\t<div class=\"elementor-widget-container\">\n\t\t\t\t\t<h2 class=\"elementor-heading-title elementor-size-default\">1. Objectifs de la politique de confidentialit\u00e9<\/h2>\t\t\t\t<\/div>\n\t\t\t\t<\/div>\n\t\t\t\t<div class=\"elementor-element elementor-element-55ac325 sc_fly_static elementor-widget elementor-widget-text-editor\" data-id=\"55ac325\" data-element_type=\"widget\" data-e-type=\"widget\" data-widget_type=\"text-editor.default\">\n\t\t\t\t<div class=\"elementor-widget-container\">\n\t\t\t\t\t\t\t\t\t<p>Le respect de la vie priv\u00e9e ainsi que la protection des renseignements personnels sont essentiels pour nous, c\u2019est pourquoi, par la pr\u00e9sente Politique, nous entendons prot\u00e9ger ceux-ci conform\u00e9ment aux lois en vigueur.<\/p><p>Afin d\u2019assurer cette protection, <strong>SIAG<\/strong> s\u2019engage \u00e0 ne collecter, traiter et partager une information permettant d\u2019identifier un individu que lorsque ce dernier y a consenti, \u00e0 moins que cela ne soit permis ou requis par la loi, auquel cas votre consentement ne sera pas n\u00e9cessaire.<\/p><p>La Politique a pour objectif d\u2019informer les utilisateurs des raisons et de la fa\u00e7on dont <strong>SIAG<\/strong>, ou toute personne agissant en son nom, va collecter et utiliser leurs renseignements personnels. Elle se veut \u00eatre en langage clair afin de s\u2019assurer un consentement \u00e9clair\u00e9 des utilisateurs.<\/p><p>Aux fins de la pr\u00e9sente Politique, on entend par \u00ab renseignements personnels \u00bb tous les renseignements sur une personne identifiable ou permettant d\u2019identifier une personne. Dans la mesure du possible, nous anonymiserons, pseudonymiserons et\/ou agr\u00e9gerons ces derniers afin qu\u2019ils n\u2019identifient plus une personne.<\/p>\t\t\t\t\t\t\t\t<\/div>\n\t\t\t\t<\/div>\n\t\t\t\t<\/div>\n\t\t<div class=\"elementor-element elementor-element-d82bf8d e-con-full e-flex sc_inner_width_none sc_layouts_column_icons_position_left e-con e-parent\" data-id=\"d82bf8d\" data-element_type=\"container\" data-e-type=\"container\">\n\t\t\t\t<div class=\"elementor-element elementor-element-8949f5f sc_fly_static elementor-widget elementor-widget-heading\" data-id=\"8949f5f\" data-element_type=\"widget\" data-e-type=\"widget\" data-widget_type=\"heading.default\">\n\t\t\t\t<div class=\"elementor-widget-container\">\n\t\t\t\t\t<h2 class=\"elementor-heading-title elementor-size-default\">2. Les modalit\u00e9s de recueil du consentement<\/h2>\t\t\t\t<\/div>\n\t\t\t\t<\/div>\n\t\t\t\t<div class=\"elementor-element elementor-element-fbc1eb8 sc_fly_static elementor-widget elementor-widget-text-editor\" data-id=\"fbc1eb8\" data-element_type=\"widget\" data-e-type=\"widget\" data-widget_type=\"text-editor.default\">\n\t\t\t\t<div class=\"elementor-widget-container\">\n\t\t\t\t\t\t\t\t\t<p>Nous nous engageons \u00e0 recueillir un consentement avant de recueillir les renseignements personnels d\u2019un individu. Le consentement peut \u00eatre explicite ou implicite et peut \u00eatre fourni directement par la personne ou par son repr\u00e9sentant autoris\u00e9.<\/p><p>Nous privil\u00e9gions l\u2019obtention d\u2019un consentement explicite, que ce soit verbalement, par voie \u00e9lectronique ou par \u00e9crit. Toutefois le consentement implicite peut \u00eatre raisonnablement d\u00e9duit de l\u2019action ou l\u2019inaction d\u2019une personne. Par exemple, le fait de fournir un nom et une adresse pour recevoir une publication ou un nom et un num\u00e9ro de t\u00e9l\u00e9phone pour obtenir une r\u00e9ponse \u00e0 une question est consid\u00e9r\u00e9 comme un consentement implicite \u00e0 la collecte d\u2019information contenant des renseignements personnels. Pour d\u00e9terminer le type de consentement appropri\u00e9, nous tenons compte de la sensibilit\u00e9 des renseignements personnels en cause, des fins auxquelles ils sont recueillis et des attentes raisonnables d\u2019une personne plac\u00e9e en situation similaire.<\/p><p>Il n\u2019est pas toujours possible, notamment dans le cadre d\u2019une demande de l\u2019\u00c9tat, d\u2019obtenir le consentement de la personne pour recueillir, utiliser ou communiquer ses renseignements personnels. Nous nous engageons \u00e0 ne jamais communiquer ce type de renseignements, autrement qu\u2019en conformit\u00e9 avec la pr\u00e9sente Politique, sauf si la loi nous y oblige ou le permet.<\/p>\t\t\t\t\t\t\t\t<\/div>\n\t\t\t\t<\/div>\n\t\t\t\t<\/div>\n\t\t<div class=\"elementor-element elementor-element-28d088d e-con-full e-flex sc_inner_width_none sc_layouts_column_icons_position_left e-con e-parent\" data-id=\"28d088d\" data-element_type=\"container\" data-e-type=\"container\">\n\t\t\t\t<div class=\"elementor-element elementor-element-a35ceb6 sc_fly_static elementor-widget elementor-widget-heading\" data-id=\"a35ceb6\" data-element_type=\"widget\" data-e-type=\"widget\" data-widget_type=\"heading.default\">\n\t\t\t\t<div class=\"elementor-widget-container\">\n\t\t\t\t\t<h2 class=\"elementor-heading-title elementor-size-default\">3. Objectifs de la collecte de donn\u00e9es<\/h2>\t\t\t\t<\/div>\n\t\t\t\t<\/div>\n\t\t\t\t<div class=\"elementor-element elementor-element-05a4b12 sc_fly_static elementor-widget elementor-widget-text-editor\" data-id=\"05a4b12\" data-element_type=\"widget\" data-e-type=\"widget\" data-widget_type=\"text-editor.default\">\n\t\t\t\t<div class=\"elementor-widget-container\">\n\t\t\t\t\t\t\t\t\t<p>Les informations collect\u00e9es le sont conform\u00e9ment aux finalit\u00e9s et objectifs fix\u00e9s dans la pr\u00e9sente politique de confidentialit\u00e9. Voici certaines raisons pour lesquelles nous collectons vos renseignements personnels :<\/p><ul><li><strong>Pour fournir des produits et services :<\/strong> Nous allons collecter et traiter les donn\u00e9es et informations n\u00e9cessaires pour remplir notre mission et nos obligations contractuelles.<\/li><li><strong>Pour assurer et am\u00e9liorer ces produits et services :<\/strong> Les donn\u00e9es collect\u00e9es lors de vos interactions avec nos services sont susceptibles d\u2019\u00eatre utilis\u00e9es dans le but d\u2019analyser et d\u2019am\u00e9liorer le fonctionnement de nos produits et services.<\/li><li><strong>Pour \u00e9valuer les performances des produits et services :<\/strong> Les donn\u00e9es sont r\u00e9colt\u00e9es afin d\u2019avoir des informations sur les avantages mais aussi les inconv\u00e9nients de nos produits et services afin de les \u00e9valuer et de les r\u00e9soudre si n\u00e9cessaire, notamment par le biais de sondages. Cela nous permet de nous assurer de la qualit\u00e9 de nos produits et services en plus de favoriser la gestion de risques.<\/li><li><strong>Pour prot\u00e9ger la vie priv\u00e9e de nos utilisateurs :<\/strong>\u00a0Les donn\u00e9es r\u00e9colt\u00e9es nous permettent de v\u00e9rifier l\u2019identit\u00e9 et de prot\u00e9ger la vie priv\u00e9e des personnes qui communiquent avec nous par t\u00e9l\u00e9phone, par voie \u00e9lectronique ou autrement.<\/li><\/ul>\t\t\t\t\t\t\t\t<\/div>\n\t\t\t\t<\/div>\n\t\t\t\t<\/div>\n\t\t<div class=\"elementor-element elementor-element-096605c e-con-full e-flex sc_inner_width_none sc_layouts_column_icons_position_left e-con e-parent\" data-id=\"096605c\" data-element_type=\"container\" data-e-type=\"container\">\n\t\t\t\t<div class=\"elementor-element elementor-element-916a413 sc_fly_static elementor-widget elementor-widget-heading\" data-id=\"916a413\" data-element_type=\"widget\" data-e-type=\"widget\" data-widget_type=\"heading.default\">\n\t\t\t\t<div class=\"elementor-widget-container\">\n\t\t\t\t\t<h2 class=\"elementor-heading-title elementor-size-default\">4. Renseignements personnels collect\u00e9s<\/h2>\t\t\t\t<\/div>\n\t\t\t\t<\/div>\n\t\t\t\t<div class=\"elementor-element elementor-element-5ad64f7 sc_fly_static elementor-widget elementor-widget-text-editor\" data-id=\"5ad64f7\" data-element_type=\"widget\" data-e-type=\"widget\" data-widget_type=\"text-editor.default\">\n\t\t\t\t<div class=\"elementor-widget-container\">\n\t\t\t\t\t\t\t\t\t<p><strong>SIAG<\/strong> eut collecter des renseignements personnels sous diverses formes, mais ne le fera que par des moyens licites et uniquement aux fins n\u00e9cessaires qui vous ont \u00e9t\u00e9 divulgu\u00e9es, comme d\u00e9crit dans la pr\u00e9sente Politique, ou lorsque permis ou requis par la loi.<\/p><p>Les renseignements personnels recueillis, ainsi que leur sensibilit\u00e9, peuvent varier en fonction du contexte dans lequel se situent les interactions entre vous et <strong>SIAG<\/strong>. C\u2019est pourquoi nous devons en priorit\u00e9 vous informer de la nature des renseignements personnels que nous utilisons.<\/p><p>Nous prot\u00e9geons tous les renseignements personnels recueillis. Parmi les renseignements personnels susceptibles d\u2019\u00eatre recueillis et utilis\u00e9s, nous accordons une attention particuli\u00e8re notamment aux :<\/p><p><strong>Nom et coordonn\u00e9es. Pr\u00e9nom et nom de famille, adresse courriel, adresse postale, num\u00e9ro de t\u00e9l\u00e9phone<\/strong> et autres donn\u00e9es semblables servant \u00e0 communiquer avec vous.<\/p><p><strong>Donn\u00e9es d\u00e9mographiques :<\/strong>\u00a0Donn\u00e9es vous concernant telles que votre \u00e2ge, votre sexe, votre pays ainsi que votre langue de communication.<\/p><p><strong>Images et sons :<\/strong> Donn\u00e9es audiovisuelles permettant d\u2019assurer la s\u00e9curit\u00e9 de nos utilisateurs, notamment sur les lieux o\u00f9 se produisent des \u00e9v\u00e8nements culturels pour lesquels nous sommes organisateurs ou h\u00e9bergeurs.<\/p><p><strong>Interactions :<\/strong> Donn\u00e9es relatives \u00e0 votre utilisation des sites internet, plateformes et outils cr\u00e9\u00e9s. Il s\u2019agit de donn\u00e9es que vous fournissez afin d\u2019utiliser les produits. Dans d\u2019autres cas, tels que des rapports d\u2019erreur, il s\u2019agit de donn\u00e9es que nous g\u00e9n\u00e9rons.<\/p><p>D\u2019autres exemples de donn\u00e9es sur les interactions que nous r\u00e9coltons comprennent :<\/p><ul><li>Donn\u00e9es sur les sites consult\u00e9s et l\u2019utilisation. Par exemple :<ul><li><strong>R\u00e9solution des probl\u00e8mes et donn\u00e9es d\u2019aide :<\/strong>\u00a0Donn\u00e9es que vous fournissez lorsque vous communiquez avec <strong>SIAG<\/strong> pour obtenir de l\u2019aide, notamment les produits que vous utilisez, et d\u2019autres renseignements qui nous aident \u00e0 r\u00e9soudre votre probl\u00e8me.<\/li><li><strong>Recherches et commandes :<\/strong>\u00a0Requ\u00eates de recherche et commandes que vous employez lorsque vous utilisez notre site internet.<\/li><li><strong>Donn\u00e9es textuelles, de saisie et d\u2019entr\u00e9e manuscrite :<\/strong>\u00a0Donn\u00e9es textuelles, de saisie et d\u2019entr\u00e9e manuscrite, ainsi que tout renseignement connexe.<\/li><\/ul><\/li><li><strong>Autres donn\u00e9es :<\/strong> D\u2019autres donn\u00e9es fournies lorsque vous utilisez notre site internet, notamment les donn\u00e9es issues de Google Analytics.<\/li><\/ul>\t\t\t\t\t\t\t\t<\/div>\n\t\t\t\t<\/div>\n\t\t\t\t<\/div>\n\t\t<div class=\"elementor-element elementor-element-725bfa7 e-con-full e-flex sc_inner_width_none sc_layouts_column_icons_position_left e-con e-parent\" data-id=\"725bfa7\" data-element_type=\"container\" data-e-type=\"container\">\n\t\t\t\t<div class=\"elementor-element elementor-element-2e6fb45 sc_fly_static elementor-widget elementor-widget-heading\" data-id=\"2e6fb45\" data-element_type=\"widget\" data-e-type=\"widget\" data-widget_type=\"heading.default\">\n\t\t\t\t<div class=\"elementor-widget-container\">\n\t\t\t\t\t<h2 class=\"elementor-heading-title elementor-size-default\">5. T\u00e9moins et technologies similaires<\/h2>\t\t\t\t<\/div>\n\t\t\t\t<\/div>\n\t\t\t\t<div class=\"elementor-element elementor-element-04285cc sc_fly_static elementor-widget elementor-widget-text-editor\" data-id=\"04285cc\" data-element_type=\"widget\" data-e-type=\"widget\" data-widget_type=\"text-editor.default\">\n\t\t\t\t<div class=\"elementor-widget-container\">\n\t\t\t\t\t\t\t\t\t<p><strong>SIAG<\/strong> peut utiliser des fichiers t\u00e9moins (\u00ab cookies \u00bb), des balises Internet, des pixels invisibles, des fichiers journal ou autres technologies pour collecter certains renseignements personnels relatifs aux visiteurs sur nos sites Web, ainsi que sur les destinataires de nos infolettres, invitations et autres communications. Les t\u00e9moins sont des \u00e9l\u00e9ments d\u2019information transmis par le serveur au navigateur lors d\u2019une visite du site Internet et qui permettent d\u2019identifier de fa\u00e7on unique la connexion en cours. Ces donn\u00e9es peuvent inclure des informations telles que votre adresse Internet (IP), le type de navigateur, la version du navigateur, les pages de notre site que vous consultez, l\u2019heure et la date de votre visite, le temps de consultation et toutes autres statistiques.<\/p><p>Veuillez noter que notre site web pourrait contenir des liens ou renvois vers des sites de tierces parties. La pr\u00e9sente politique cesse de s\u2019appliquer au moment de quitter notre site web et <strong>SIAG<\/strong> n\u2019est pas responsable de la collecte ou du traitement de renseignements personnels par ces tiers ou via ces sources externes.<\/p>\t\t\t\t\t\t\t\t<\/div>\n\t\t\t\t<\/div>\n\t\t\t\t<\/div>\n\t\t<div class=\"elementor-element elementor-element-9b2aabe e-con-full e-flex sc_inner_width_none sc_layouts_column_icons_position_left e-con e-parent\" data-id=\"9b2aabe\" data-element_type=\"container\" data-e-type=\"container\">\n\t\t\t\t<div class=\"elementor-element elementor-element-ab73bd0 sc_fly_static elementor-widget elementor-widget-heading\" data-id=\"ab73bd0\" data-element_type=\"widget\" data-e-type=\"widget\" data-widget_type=\"heading.default\">\n\t\t\t\t<div class=\"elementor-widget-container\">\n\t\t\t\t\t<h2 class=\"elementor-heading-title elementor-size-default\">6. Conservation des renseignements personnels<\/h2>\t\t\t\t<\/div>\n\t\t\t\t<\/div>\n\t\t\t\t<div class=\"elementor-element elementor-element-de678dd sc_fly_static elementor-widget elementor-widget-text-editor\" data-id=\"de678dd\" data-element_type=\"widget\" data-e-type=\"widget\" data-widget_type=\"text-editor.default\">\n\t\t\t\t<div class=\"elementor-widget-container\">\n\t\t\t\t\t\t\t\t\t<p><strong>SIAG<\/strong> garde les donn\u00e9es collect\u00e9es pendant diff\u00e9rentes p\u00e9riodes de temps, en fonction de leur nature et de leur utilit\u00e9. Durant la p\u00e9riode de conservation, <strong>SIAG<\/strong> prend des mesures physiques et techniques pour assurer la s\u00e9curit\u00e9 des donn\u00e9es contenant des renseignements personnels.<\/p><p>Les principaux endroits o\u00f9 sont conserv\u00e9s les renseignements personnels sont les villes dans lesquelles <strong>SIAG<\/strong> poss\u00e8de des bureaux.<\/p><p>Les renseignements personnels peuvent \u00eatre conserv\u00e9s \u00e0 l\u2019ext\u00e9rieur du pays dans lequel vous vivez, si un tiers fournisseur ou une autre entit\u00e9 \u00e0 qui nous divulguons des renseignements personnels conform\u00e9ment \u00e0 la pr\u00e9sente Politique est situ\u00e9 \u00e0 l\u2019ext\u00e9rieur du pays. Dans de tels cas, les renseignements personnels peuvent \u00eatre assujettis aux lois locales des pays ou territoires au sein desquels les renseignements sont collect\u00e9s, utilis\u00e9s, divulgu\u00e9s ou entrepos\u00e9s, et les autorit\u00e9s gouvernementales et les autorit\u00e9s charg\u00e9es de l\u2019application de la loi de ces pays ou territoires peuvent y avoir acc\u00e8s.<\/p><p>Une fois la p\u00e9riode de conservation expir\u00e9e, les renseignements personnels sont d\u00e9truits. Seuls les statistiques ou rapports contenant des donn\u00e9es d\u00e9personnalis\u00e9es et anonymis\u00e9es pourront \u00eatre conserv\u00e9s pour des p\u00e9riodes de temps prolong\u00e9es.<\/p>\t\t\t\t\t\t\t\t<\/div>\n\t\t\t\t<\/div>\n\t\t\t\t<\/div>\n\t\t<div class=\"elementor-element elementor-element-c9e720f e-con-full e-flex sc_inner_width_none sc_layouts_column_icons_position_left e-con e-parent\" data-id=\"c9e720f\" data-element_type=\"container\" data-e-type=\"container\">\n\t\t\t\t<div class=\"elementor-element elementor-element-4672cf3 sc_fly_static elementor-widget elementor-widget-heading\" data-id=\"4672cf3\" data-element_type=\"widget\" data-e-type=\"widget\" data-widget_type=\"heading.default\">\n\t\t\t\t<div class=\"elementor-widget-container\">\n\t\t\t\t\t<h2 class=\"elementor-heading-title elementor-size-default\">Autres informations<\/h2>\t\t\t\t<\/div>\n\t\t\t\t<\/div>\n\t\t\t\t<div class=\"elementor-element elementor-element-df03eea sc_fly_static elementor-widget elementor-widget-text-editor\" data-id=\"df03eea\" data-element_type=\"widget\" data-e-type=\"widget\" data-widget_type=\"text-editor.default\">\n\t\t\t\t<div class=\"elementor-widget-container\">\n\t\t\t\t\t\t\t\t\t<p>L\u2019\u00e9diteur du site se r\u00e9serve le droit de la modifier afin de garantir sa conformit\u00e9 avec le droit en vigueur.<\/p><p>Par cons\u00e9quent, l\u2019utilisateur est invit\u00e9 \u00e0 venir consulter r\u00e9guli\u00e8rement cette politique de confidentialit\u00e9 afin de se tenir inform\u00e9 des derniers changements qui lui seront apport\u00e9s.<\/p><p>Toutefois, en cas de modification substantielle de cette politique, l\u2019utilisateur en sera inform\u00e9 par email \u00e0 l\u2019adresse communiqu\u00e9e par l\u2019utilisateur.<\/p><p>Pour toute question, pour formuler des commentaires ou pour \u00e9mettre une plainte au sujet de cette politique, vous pouvez nous contacter.<\/p>\t\t\t\t\t\t\t\t<\/div>\n\t\t\t\t<\/div>\n\t\t\t\t<\/div>\n\t\t\t\t<\/div>\n\t\t","protected":false},"excerpt":{"rendered":"<p>Merci de visiter le site Internet de SIAG et de prendre connaissance de sa politique de confidentialit\u00e9 (ci-apr\u00e8s la Politique). En naviguant sur notre site Internet ou en utilisant nos&hellip;<\/p>\n","protected":false},"author":1,"featured_media":0,"parent":0,"menu_order":0,"comment_status":"closed","ping_status":"closed","template":"elementor_header_footer","meta":{"_acf_changed":false,"footnotes":""},"class_list":["post-3778","page","type-page","status-publish","hentry"],"acf":[],"yoast_head":"<!-- This site is optimized with the Yoast SEO plugin v27.2 - https:\/\/yoast.com\/product\/yoast-seo-wordpress\/ -->\n<title>Politique de confidentialit\u00e9 - siag<\/title>\n<meta name=\"robots\" content=\"index, follow, max-snippet:-1, max-image-preview:large, max-video-preview:-1\" \/>\n<link rel=\"canonical\" href=\"https:\/\/siag.ci\/?page_id=3778\" \/>\n<meta property=\"og:locale\" content=\"fr_FR\" \/>\n<meta property=\"og:type\" content=\"article\" \/>\n<meta property=\"og:title\" content=\"Politique de confidentialit\u00e9 - siag\" \/>\n<meta property=\"og:description\" content=\"Merci de visiter le site Internet de SIAG et de prendre connaissance de sa politique de confidentialit\u00e9 (ci-apr\u00e8s la Politique). En naviguant sur notre site Internet ou en utilisant nos&hellip;\" \/>\n<meta property=\"og:url\" content=\"https:\/\/siag.ci\/?page_id=3778\" \/>\n<meta property=\"og:site_name\" content=\"siag\" \/>\n<meta property=\"article:modified_time\" content=\"2023-12-01T15:53:54+00:00\" \/>\n<meta name=\"twitter:card\" content=\"summary_large_image\" \/>\n<meta name=\"twitter:label1\" content=\"Dur\u00e9e de lecture estim\u00e9e\" \/>\n\t<meta name=\"twitter:data1\" content=\"8 minutes\" \/>\n<script type=\"application\/ld+json\" class=\"yoast-schema-graph\">{\"@context\":\"https:\/\/schema.org\",\"@graph\":[{\"@type\":\"WebPage\",\"@id\":\"https:\/\/siag.ci\/?page_id=3778\",\"url\":\"https:\/\/siag.ci\/?page_id=3778\",\"name\":\"Politique de confidentialit\u00e9 - siag\",\"isPartOf\":{\"@id\":\"https:\/\/siag.ci\/#website\"},\"datePublished\":\"2023-12-01T15:31:39+00:00\",\"dateModified\":\"2023-12-01T15:53:54+00:00\",\"breadcrumb\":{\"@id\":\"https:\/\/siag.ci\/?page_id=3778#breadcrumb\"},\"inLanguage\":\"fr-FR\",\"potentialAction\":[{\"@type\":\"ReadAction\",\"target\":[\"https:\/\/siag.ci\/?page_id=3778\"]}]},{\"@type\":\"BreadcrumbList\",\"@id\":\"https:\/\/siag.ci\/?page_id=3778#breadcrumb\",\"itemListElement\":[{\"@type\":\"ListItem\",\"position\":1,\"name\":\"Accueil\",\"item\":\"https:\/\/siag.ci\/\"},{\"@type\":\"ListItem\",\"position\":2,\"name\":\"Politique de confidentialit\u00e9\"}]},{\"@type\":\"WebSite\",\"@id\":\"https:\/\/siag.ci\/#website\",\"url\":\"https:\/\/siag.ci\/\",\"name\":\"siag\",\"description\":\"\",\"publisher\":{\"@id\":\"https:\/\/siag.ci\/#organization\"},\"potentialAction\":[{\"@type\":\"SearchAction\",\"target\":{\"@type\":\"EntryPoint\",\"urlTemplate\":\"https:\/\/siag.ci\/?s={search_term_string}\"},\"query-input\":{\"@type\":\"PropertyValueSpecification\",\"valueRequired\":true,\"valueName\":\"search_term_string\"}}],\"inLanguage\":\"fr-FR\"},{\"@type\":\"Organization\",\"@id\":\"https:\/\/siag.ci\/#organization\",\"name\":\"siag\",\"url\":\"https:\/\/siag.ci\/\",\"logo\":{\"@type\":\"ImageObject\",\"inLanguage\":\"fr-FR\",\"@id\":\"https:\/\/siag.ci\/#\/schema\/logo\/image\/\",\"url\":\"https:\/\/siag.ci\/wp-content\/uploads\/2023\/11\/Logo-SIAG-1.png\",\"contentUrl\":\"https:\/\/siag.ci\/wp-content\/uploads\/2023\/11\/Logo-SIAG-1.png\",\"width\":300,\"height\":120,\"caption\":\"siag\"},\"image\":{\"@id\":\"https:\/\/siag.ci\/#\/schema\/logo\/image\/\"}}]}<\/script>\n<!-- \/ Yoast SEO plugin. -->","yoast_head_json":{"title":"Politique de confidentialit\u00e9 - siag","robots":{"index":"index","follow":"follow","max-snippet":"max-snippet:-1","max-image-preview":"max-image-preview:large","max-video-preview":"max-video-preview:-1"},"canonical":"https:\/\/siag.ci\/?page_id=3778","og_locale":"fr_FR","og_type":"article","og_title":"Politique de confidentialit\u00e9 - siag","og_description":"Merci de visiter le site Internet de SIAG et de prendre connaissance de sa politique de confidentialit\u00e9 (ci-apr\u00e8s la Politique). En naviguant sur notre site Internet ou en utilisant nos&hellip;","og_url":"https:\/\/siag.ci\/?page_id=3778","og_site_name":"siag","article_modified_time":"2023-12-01T15:53:54+00:00","twitter_card":"summary_large_image","twitter_misc":{"Dur\u00e9e de lecture estim\u00e9e":"8 minutes"},"schema":{"@context":"https:\/\/schema.org","@graph":[{"@type":"WebPage","@id":"https:\/\/siag.ci\/?page_id=3778","url":"https:\/\/siag.ci\/?page_id=3778","name":"Politique de confidentialit\u00e9 - siag","isPartOf":{"@id":"https:\/\/siag.ci\/#website"},"datePublished":"2023-12-01T15:31:39+00:00","dateModified":"2023-12-01T15:53:54+00:00","breadcrumb":{"@id":"https:\/\/siag.ci\/?page_id=3778#breadcrumb"},"inLanguage":"fr-FR","potentialAction":[{"@type":"ReadAction","target":["https:\/\/siag.ci\/?page_id=3778"]}]},{"@type":"BreadcrumbList","@id":"https:\/\/siag.ci\/?page_id=3778#breadcrumb","itemListElement":[{"@type":"ListItem","position":1,"name":"Accueil","item":"https:\/\/siag.ci\/"},{"@type":"ListItem","position":2,"name":"Politique de confidentialit\u00e9"}]},{"@type":"WebSite","@id":"https:\/\/siag.ci\/#website","url":"https:\/\/siag.ci\/","name":"siag","description":"","publisher":{"@id":"https:\/\/siag.ci\/#organization"},"potentialAction":[{"@type":"SearchAction","target":{"@type":"EntryPoint","urlTemplate":"https:\/\/siag.ci\/?s={search_term_string}"},"query-input":{"@type":"PropertyValueSpecification","valueRequired":true,"valueName":"search_term_string"}}],"inLanguage":"fr-FR"},{"@type":"Organization","@id":"https:\/\/siag.ci\/#organization","name":"siag","url":"https:\/\/siag.ci\/","logo":{"@type":"ImageObject","inLanguage":"fr-FR","@id":"https:\/\/siag.ci\/#\/schema\/logo\/image\/","url":"https:\/\/siag.ci\/wp-content\/uploads\/2023\/11\/Logo-SIAG-1.png","contentUrl":"https:\/\/siag.ci\/wp-content\/uploads\/2023\/11\/Logo-SIAG-1.png","width":300,"height":120,"caption":"siag"},"image":{"@id":"https:\/\/siag.ci\/#\/schema\/logo\/image\/"}}]}},"_links":{"self":[{"href":"https:\/\/siag.ci\/index.php?rest_route=\/wp\/v2\/pages\/3778","targetHints":{"allow":["GET"]}}],"collection":[{"href":"https:\/\/siag.ci\/index.php?rest_route=\/wp\/v2\/pages"}],"about":[{"href":"https:\/\/siag.ci\/index.php?rest_route=\/wp\/v2\/types\/page"}],"author":[{"embeddable":true,"href":"https:\/\/siag.ci\/index.php?rest_route=\/wp\/v2\/users\/1"}],"replies":[{"embeddable":true,"href":"https:\/\/siag.ci\/index.php?rest_route=%2Fwp%2Fv2%2Fcomments&post=3778"}],"version-history":[{"count":50,"href":"https:\/\/siag.ci\/index.php?rest_route=\/wp\/v2\/pages\/3778\/revisions"}],"predecessor-version":[{"id":3973,"href":"https:\/\/siag.ci\/index.php?rest_route=\/wp\/v2\/pages\/3778\/revisions\/3973"}],"wp:attachment":[{"href":"https:\/\/siag.ci\/index.php?rest_route=%2Fwp%2Fv2%2Fmedia&parent=3778"}],"curies":[{"name":"wp","href":"https:\/\/api.w.org\/{rel}","templated":true}]}}